pose w*d + 0*d - 325 = 0. Calculate the highest common divisor of h and d.
13
Suppose 44 = 3*c - 2*c. Let s(t) = 7*t - 80. Let j be s(13). Calculate the greatest common divisor of c and j.
11
Suppose -348 = -2*n - n + 3*c, 5*c + 100 = n. What is the greatest common factor of n and 12?
12
Let s be (96/15)/((-4)/(-10)). Suppose 0 = -3*t + 5*g + 1 - 54, -52 = 4*t - 2*g. Let f = s + t. What is the highest common divisor of f and 5?
5
Let h(x) = x**2 - 2*x**2 + 0*x**2 + 3 + 4*x. Let v be h(4). Let a = -22 + 34. What is the highest common divisor of a and v?
3
Let m(h) = -2*h**2 - 2*h + 5. Let l be m(7). Let v = l + 211. What is the highest common divisor of 26 and v?
26
Let k(l) = 2*l - 1. Suppose 2 = 3*i + 8. Let d be k(i). Let s(v) = -21*v + 5. Let o be s(d). What is the highest common divisor of o and 10?
10
Let l be (7 - 8) + (-16)/(-1). Let f(w) = w**2 - 6*w - 14. Let p be f(l). Calculate the highest common factor of p and 11.
11
Let d be ((-63)/(-6))/((27/24)/3). What is the highest common divisor of 98 and d?
14
Let m(r) = -r**3 - 6*r**2 + 6*r + 1. Let d be m(-7). What is the highest common divisor of d and 88?
8
Let s be 18/10 - 2/(-10). Suppose 2*r - 52 = -s*r. What is the greatest common factor of 13 and r?
13
Suppose 0 = -2*p - 0*p + 32. Let j be (-5 + 1)*(-2 - 0). Suppose 5*g - 3*g = j. Calculate the highest common divisor of p and g.
4
Let w be (16/20)/(-2)*-15. Suppose -d = -w + 3. What is the highest common divisor of d and 1?
1
Let u(v) = v - 1. Let l be u(6). Let b(w) = 21*w**2 + 4*w - 1. Let i be b(3). Suppose g + 4*g = i. Calculate the greatest common factor of g and l.
5
Let t(k) = k**3 + 4*k**2 + 2*k - 1. Suppose 0 = -2*w + 8, -2*l + 5*l + 18 = 3*w. Let n be t(l). What is the highest common factor of n and 6?
3
Let u be -1 - (-1)/(3/30). Suppose -3*s + 198 = -s. Calculate the greatest common factor of u and s.
9
Let a be (-176)/(-2 - 1 - -2). Suppose -5*s = -2*s - 66. What is the greatest common divisor of a and s?
22
Suppose -7 = -a + 3*h - 2*h, -15 = -a + 3*h. Let r(j) = 23*j - 2. Let p be r(-2). Let v be (-108)/p - 1/4. Calculate the highest common divisor of v and a.
1
Suppose 0 = -7*h + 11*h - 1080. Suppose -4*p + p = -h. Calculate the highest common factor of 18 and p.
18
Let y(o) = -10*o - 66. Let v be y(-15). What is the greatest common divisor of 105 and v?
21
Let i = 9 + -9. Suppose -4*q + 31 = -x, i = 2*q + q - 3*x - 30. What is the highest common divisor of q and 77?
7
Suppose -2*n = -n - 1. Suppose 0*d - q = -3*d + 11, 5*d - q - 21 = 0. Suppose y - 3*v - 9 - d = 0, -3*v + 2 = y. What is the greatest common divisor of n and y?
1
Suppose -5*q - 27 = -3*u + 6, -3*q = 9. Let o be (3/u)/(3/78). Calculate the highest common divisor of 39 and o.
13
Let w = 47 - 26. Suppose -2*v + 0*v = -76. Suppose -3*d = -3*q - 141, -3*q = -2*d + v + 61. Calculate the highest common factor of d and w.
21
Let x = 439 - 155. Let a be ((-6)/12)/((-2)/x). Suppose r + 5*w - a + 22 = 0, -5*r = -2*w - 110. Calculate the greatest common factor of r and 12.
12
Let i = -20 - -28. Calculate the greatest common divisor of i and 56.
8
Let a be ((-10)/3)/(1/(-3)). Let w(d) = 362*d**3 + d**2 + d - 1. Let i be w(1). Suppose i = 5*c - 37. Calculate the highest common divisor of c and a.
10
Let r be ((-80)/(-24))/((-1)/(-12)). Let l be (-10)/(-4)*(-12)/(-15). Suppose -p = 5*y + 15, -1 - 2 = p + l*y. Calculate the highest common factor of p and r.
5
Let g be (-14)/(3/(6*-1)). Let h be (5 - 1)*21/g. Let p = h - 1. What is the highest common divisor of p and 6?
2
Let x be 56/(4 + (-4 - 2/(-6))). Calculate the highest common divisor of x and 28.
28
Suppose z = -4*j + 141, -184 + 943 = 5*z + 2*j. Let n = -5 - -73. Suppose -5*m = -m - n. What is the highest common divisor of z and m?
17
Let x(h) = -h**3 - 7*h**2 - 6*h - 5. Let l be x(-5). Let g = -3 - l. What is the highest common factor of g and 242?
22
Suppose 4*n - 18 = -4*a + 3*n, 3*a + 5*n - 22 = 0. What is the highest common factor of 8 and a?
4
Let p(s) = -s**2 + s**3 + 4*s**2 + 4 + 0*s**3. Let h be p(-3). Suppose g + 4*c = 15, h*g + 3*c - 48 + 14 = 0. Calculate the highest common factor of 56 and g.
7
Suppose 6*d - 8*d = -38. Calculate the greatest common divisor of 114 and d.
19
Let k be (-104)/(-10) + (-8)/20. Calculate the highest common factor of 10 and k.
10
Let d be -36*((-2)/(-4) - 1). Let f be 40/15*3/4. What is the greatest common divisor of f and d?
2
Suppose 0*i - i = -4. Let p be 11 + -5 + (9 - 5). What is the greatest common divisor of i and p?
2
Suppose 2*g = -3*v + 2, -3*g = -8*g + 5*v + 30. What is the greatest common factor of g and 44?
4
Let p(z) = -z**3 - 5*z**2 - 4*z + 1. Let c be p(-4). Let l be (-4)/(4/3) - -3. Suppose 2 = 2*x - l. What is the greatest common factor of c and x?
1
Suppose -3*l = 5*t - 35 - 19, 0 = 3*t - 3*l - 42. Suppose 0 = -n + w + 15, -1 = 4*w - 5. Let b = n + -10. Calculate the greatest common divisor of t and b.
6
Suppose 80 = 3*m - z, 4*z - 38 = -3*m + 17. Let h(y) = 3*y + 6. Let o be h(8). Suppose 5*r - o = 2*r. What is the highest common divisor of r and m?
5
Let r be 8/(-4) - 7/(-1). Suppose -41 - 373 = -5*b - 2*l, 5*b = -r*l + 405. Let z(f) = -2*f. Let s be z(-7). Calculate the highest common factor of s and b.
14
Let m(b) = 4*b + 4. Let v be m(7). Calculate the highest common factor of v and 64.
32
Let z = -4 - -5. Calculate the highest common divisor of z and 3.
1
Let z(n) = n - 2. Let h be z(-6). Let x = h + 18. Let g = -3 + 23. Calculate the greatest common divisor of x and g.
10
Suppose 0 = -3*l + 12, 5*l - 66 + 326 = 4*i. What is the highest common divisor of 10 and i?
10
Suppose 0 = -2*k - 8, 0 = 5*h + 2*k - 0 - 7. Suppose -1 = -h*i + 2. What is the greatest common factor of i and 8?
1
Suppose -3*n = 2*n. Let m(p) = -p**2 + p + 9. Let b be m(n). Calculate the greatest common factor of b and 3.
3
Let z = 32 - 15. What is the greatest common factor of z and 68?
17
Suppose 5*y - 10 = 0, c - 12 = y + 3*y. What is the highest common divisor of 80 and c?
20
Let v(a) = 4*a**3 - 2*a**2 + 3*a. Let q be v(2). Let m = -12 + q. Suppose 4*h = -2*p + m, p = 2*h + 3*p - 12. What is the highest common divisor of 1 and h?
1
Let h(a) = a + 1. Let r be h(7). What is the greatest common factor of 16 and r?
8
Suppose 2*l + 1 = 3. Let f be 1/3*(1 - -2). What is the highest common divisor of f and l?
1
Let x(s) = -8*s - 1. Let l be x(-7). Suppose 0 = -3*n + n. Suppose n*v - 3*j - 41 = -4*v, -4*j = v - 15. Calculate the highest common divisor of l and v.
11
Let j(k) = -k**2 + 5*k - 1. Let g be j(4). Let y be (0 + -3)*-5 - g. Calculate the highest common divisor of y and 6.
6
Suppose -5*o = -43 - 82. Calculate the greatest common factor of 275 and o.
25
Suppose 5*d - 129 - 31 = 0. Suppose 3*l - 3*q = -42 + 201, 4*l + 4*q - 172 = 0. What is the greatest common factor of l and d?
16
Let b = -59 - -69. Suppose 90 - 20 = j. What is the greatest common divisor of b and j?
10
Let b = 110 + -65. Calculate the highest common factor of 18 and b.
9
Let r(t) = t**2 - 8*t + 21. Let z be r(6). What is the greatest common divisor of 3 and z?
3
Let p(z) = z**3 + 4*z**2 + 5. Let m be p(-4). Suppose 14 = 2*j + m*v - 1, 5*j - 53 = 3*v. Calculate the highest common factor of 40 and j.
10
Let d(o) = o**2 - 7*o - 9. Let q be d(9). Let t = -28 + 70. Suppose 3*v + 0*g = g + 110, v - 3*g - t = 0. Calculate the highest common factor of v and q.
9
Let w(s) = -3*s - 47. Let r be w(-21). What is the highest common divisor of r and 2?
2
Suppose 0 = 3*y - 3*i - 18, 0*y - 5*y - i + 12 = 0. Let w be ((-7)/(-4))/(y/120). What is the greatest common divisor of 14 and w?
14
Let l = 82 - -11. Suppose -187 - l = -5*k. Suppose -k = -s - s. What is the highest common divisor of 70 and s?
14
Suppose 2*u = 4*b + 10, -2*u - b = 4*b + 26. Let d be 11 - -2*u/(-3). What is the greatest common factor of d and 104?
13
Let v be -24 + 24 - 6/4*-2. Calculate the highest common factor of 12 and v.
3
Let h be (1/(-2))/(4/(-48)). Let w(p) = -4*p - 11. Let v be w(-5). What is the highest common divisor of v and h?
3
Suppose -6 = -6*v + 12. What is the highest common divisor of 24 and v?
3
Let f = 9 - -4. Let k = 21 - f. Calculate the highest common divisor of k and 32.
8
Let g(z) = 32*z + 1. Let h be g(1). Let f be h/9 + 